{"id":74,"date":"2019-03-28T09:35:17","date_gmt":"2019-03-28T09:35:17","guid":{"rendered":"https:\/\/familia.garcialamoneda.es\/?page_id=74"},"modified":"2019-03-28T10:38:09","modified_gmt":"2019-03-28T10:38:09","slug":"generacion-13","status":"publish","type":"page","link":"https:\/\/familia.garcialamoneda.es\/index.php\/generacion-13\/","title":{"rendered":"Generaci\u00f3n 13"},"content":{"rendered":"\n<p>&nbsp;&nbsp;&nbsp; 116. <strong>Diego de la Moneda Ayala<\/strong> (Sebastian\nFernando de la Moneda Colon, Diego Jose de la Moneda Marin, Juan Nicolas de la\nMoneda Guevara, Fernando Antonio de Lamoneda y Rios, Juan Francisco de Lamoneda\nMarin, Hernando de Lamoneda Pe\u00f1afiel, Juan de Lamoneda y Villaperez, Diego\nBuitrago de la Moneda y Aguirre, Gregorio de la Moneda Martinez, Juan de\nLamoneda, Francisco de Lamoneda, Cicco Simonetta).<\/p>\n\n\n\n<p>D. Diego, abogado de los Reales Consejos en Madrid el 2 de Junio de 1.821, y\nse haya enterrado en la <\/p>\n\n\n\n<p>parroquia de San Sebasti\u00e1n de el, habiendo muerto abintestato.<\/p>\n\n\n\n<p>Diego se cas\u00f3 con <strong>Juana Maria Ramirez Ramirez<\/strong>, hija de\nAntonio Ramirez Sevilla y Maria Josefa Ramirez Casado. Juana naci\u00f3 en Lupion.<\/p>\n\n\n\n<p>Ellos tuvieron los hijos siguientes:<\/p>\n\n\n\n<p>&nbsp;&nbsp;&nbsp;&nbsp;&nbsp;&nbsp;&nbsp;&nbsp;&nbsp;&nbsp;&nbsp; 131\nF&nbsp;&nbsp;&nbsp;&nbsp;&nbsp;&nbsp;&nbsp;&nbsp; i.&nbsp;&nbsp; <strong>Matilde\nde la Moneda Ramirez<\/strong> naci\u00f3 en Lupion.<\/p>\n\n\n\n<p>+&nbsp;&nbsp;&nbsp;&nbsp;&nbsp;&nbsp;&nbsp;&nbsp;&nbsp;132\nF&nbsp;&nbsp;&nbsp;&nbsp;&nbsp;&nbsp;&nbsp;&nbsp; ii.&nbsp;&nbsp;<strong> Maria\nJosefa de la Moneda Ramirez<\/strong>.<\/p>\n\n\n\n<p>+&nbsp;&nbsp;&nbsp;&nbsp;&nbsp;&nbsp;&nbsp; &nbsp;133\nF&nbsp;&nbsp;&nbsp;&nbsp; &nbsp;&nbsp;&nbsp; iii.&nbsp;&nbsp; <strong>Juana\nMaria De Lamoneda Ramirez<\/strong>.<\/p>\n\n\n\n<hr class=\"wp-block-separator\"\/>\n\n\n\n<p>&nbsp;&nbsp; 117. <strong>Bernavela de la Moneda Ayala<\/strong> (Sebastian\nFernando de la Moneda Colon, Diego Jose de la Moneda Marin, Juan Nicolas de la\nMoneda Guevara, Fernando Antonio de Lamoneda y Rios, Juan Francisco de Lamoneda\nMarin, Hernando de Lamoneda Pe\u00f1afiel, Juan de Lamoneda y Villaperez, Diego\nBuitrago de la Moneda y Aguirre, Gregorio de la Moneda Martinez, Juan de\nLamoneda, Francisco de Lamoneda, Cicco Simonetta).<\/p>\n\n\n\n<p>Bernavela se cas\u00f3 con <strong>Jose Garat<\/strong>.<\/p>\n\n\n\n<p>D. Jos\u00e9 Garat oriundo de la villa de Noncales reino de Navarra<\/p>\n\n\n\n<p>Jose y Bernavela tuvieron los hijos siguientes:<\/p>\n\n\n\n<p>&nbsp;&nbsp;&nbsp;&nbsp;&nbsp;&nbsp;&nbsp;&nbsp;&nbsp;&nbsp;&nbsp; 134\nF&nbsp;&nbsp;&nbsp;&nbsp;&nbsp;&nbsp;&nbsp;&nbsp;&nbsp; i.&nbsp;&nbsp;<strong>\nMaria Garat de la Moneda<\/strong>.<\/p>\n\n\n\n<p>&nbsp;&nbsp;&nbsp;&nbsp;&nbsp;&nbsp;&nbsp;&nbsp;&nbsp;&nbsp;&nbsp; 135\nM&nbsp;&nbsp;&nbsp;&nbsp;&nbsp;&nbsp;&nbsp; ii.&nbsp;&nbsp;<strong> Jose Garat\nde la Moneda<\/strong>.<\/p>\n\n\n\n<hr class=\"wp-block-separator\"\/>\n\n\n\n<p>&nbsp;&nbsp; 118. <strong>Feliciana de la Moneda Ayala<\/strong> (Sebastian\nFernando de la Moneda Colon, Diego Jose de la Moneda Marin, Juan Nicolas de la\nMoneda Guevara, Fernando Antonio de Lamoneda y Rios, Juan Francisco de Lamoneda\nMarin, Hernando de Lamoneda Pe\u00f1afiel, Juan de Lamoneda y Villaperez, Diego\nBuitrago de la Moneda y Aguirre, Gregorio de la Moneda Martinez, Juan de\nLamoneda, Francisco de Lamoneda, Cicco Simonetta).<\/p>\n\n\n\n<p>Feliciana se cas\u00f3 con <strong>Damian Perez<\/strong>.<\/p>\n\n\n\n<p>Alguacil mayor perpetuo de la villa de Lupion<\/p>\n\n\n\n<p>Damian y Feliciana tuvieron los hijos siguientes:<\/p>\n\n\n\n<p>&nbsp;&nbsp;&nbsp;&nbsp;&nbsp;&nbsp;&nbsp;&nbsp;&nbsp;&nbsp;&nbsp; 136\nF&nbsp;&nbsp;&nbsp;&nbsp;&nbsp;&nbsp;&nbsp;&nbsp;&nbsp; i.&nbsp;&nbsp; <strong>Isabel\nPerez de la Moneda<\/strong>.<\/p>\n\n\n\n<p>&nbsp;&nbsp;&nbsp;&nbsp;&nbsp;&nbsp;&nbsp;&nbsp;&nbsp;&nbsp;&nbsp; 137\nF&nbsp;&nbsp;&nbsp;&nbsp;&nbsp;&nbsp;&nbsp;&nbsp; ii.&nbsp;&nbsp; <strong>Juana\nPerez de la Moneda<\/strong>.<\/p>\n\n\n\n<hr class=\"wp-block-separator\"\/>\n\n\n\n<p>&nbsp;&nbsp; 120. <strong>Sebastiana de la Moneda Ayala<\/strong> (Sebastian\nFernando de la Moneda Colon, Diego Jose de la Moneda Marin, Juan Nicolas de la\nMoneda Guevara, Fernando Antonio de Lamoneda y Rios, Juan Francisco de Lamoneda\nMarin, Hernando de Lamoneda Pe\u00f1afiel, Juan de Lamoneda y Villaperez, Diego\nBuitrago de la Moneda y Aguirre, Gregorio de la Moneda Martinez, Juan de\nLamoneda, Francisco de Lamoneda, Cicco Simonetta).<\/p>\n\n\n\n<p>Sebastiana se cas\u00f3 con <strong>Pedro Ramirez Ramirez<\/strong>, hijo de\nAntonio Ramirez Sevilla y Maria Josefa Ramirez Casado.<\/p>\n\n\n\n<p>Ellos tuvieron los hijos siguientes:<\/p>\n\n\n\n<p>&nbsp;&nbsp;&nbsp;&nbsp;&nbsp;&nbsp;&nbsp;&nbsp;&nbsp;&nbsp;&nbsp; 138\nM&nbsp;&nbsp;&nbsp;&nbsp;&nbsp;&nbsp;&nbsp; i.&nbsp;<strong>&nbsp; Antonio\nRamirez Lamoneda<\/strong>.<\/p>\n\n\n\n<p>&nbsp;&nbsp;&nbsp;&nbsp;&nbsp;&nbsp;&nbsp;&nbsp;&nbsp;&nbsp;&nbsp; 139\nM&nbsp;&nbsp;&nbsp;&nbsp;&nbsp;&nbsp; ii.&nbsp;&nbsp; <strong>Sebasti\u00e1n Ramirez\nLamoneda<\/strong>.<\/p>\n\n\n\n<p>+&nbsp;&nbsp;&nbsp;&nbsp;&nbsp;&nbsp;&nbsp; &nbsp;140\nM&nbsp;&nbsp;&nbsp;&nbsp;&nbsp;&nbsp; iii.&nbsp;&nbsp; <strong>Pedro Ramirez\nLamoneda<\/strong>.<\/p>\n\n\n\n<hr class=\"wp-block-separator\"\/>\n\n\n\n<p>&nbsp;&nbsp; 121. <strong>Francisco de la Moneda Ayala<\/strong> (Sebastian\nFernando de la Moneda Colon, Diego Jose de la Moneda Marin, Juan Nicolas de la\nMoneda Guevara, Fernando Antonio de Lamoneda y Rios, Juan Francisco de Lamoneda\nMarin, Hernando de Lamoneda Pe\u00f1afiel, Juan de Lamoneda y Villaperez, Diego\nBuitrago de la Moneda y Aguirre, Gregorio de la Moneda Martinez, Juan de\nLamoneda, Francisco de Lamoneda, Cicco Simonetta) naci\u00f3 el 16 Julio 1799 en\nBegijar y tuvo su bautismo infantil el 18 Julio 1799 en Parroquia Santiago\nApostol &#8211; BEGIJAR.<\/p>\n\n\n\n<p>Corregidor de Baeza<\/p>\n\n\n\n<p>Francisco se cas\u00f3 con (su sobrina) <strong>Juana Maria De Lamoneda Ramirez<\/strong>,\nhija de Diego de la Moneda Ayala y Juana Maria Ramirez Ramirez.<\/p>\n\n\n\n<p>Ellos tuvieron los hijos siguientes:<\/p>\n\n\n\n<p>+&nbsp;&nbsp;&nbsp;&nbsp;&nbsp;&nbsp; 141\nM&nbsp;&nbsp;&nbsp;&nbsp;&nbsp;&nbsp;&nbsp;&nbsp; i.&nbsp;&nbsp; <strong>Sebastian\nde la Moneda y Lamoneda<\/strong>.<\/p>\n\n\n\n<p>+&nbsp;&nbsp;&nbsp;&nbsp;&nbsp;&nbsp; 142\nM&nbsp;&nbsp;&nbsp;&nbsp;&nbsp;&nbsp;&nbsp; ii.&nbsp;&nbsp; <strong>Diego La\nMoneda La Moneda<\/strong>.<\/p>\n\n\n\n<p>+&nbsp;&nbsp;&nbsp;&nbsp;&nbsp;&nbsp; 143\nM&nbsp;&nbsp;&nbsp;&nbsp;&nbsp;&nbsp; iii.&nbsp;&nbsp; <strong>Francisco Jos\u00e9\nLamoneda y Lamoneda<\/strong>.<\/p>\n\n\n\n<hr class=\"wp-block-separator\"\/>\n\n\n\n<p>&nbsp;&nbsp; 124.<strong> Fernanda Maria de la Moneda Ayala<\/strong>\n(Sebastian Fernando de la Moneda Colon, Diego Jose de la Moneda Marin, Juan\nNicolas de la Moneda Guevara, Fernando Antonio de Lamoneda y Rios, Juan\nFrancisco de Lamoneda Marin, Hernando de Lamoneda Pe\u00f1afiel, Juan de Lamoneda y\nVillaperez, Diego Buitrago de la Moneda y Aguirre, Gregorio de la Moneda\nMartinez, Juan de Lamoneda, Francisco de Lamoneda, Cicco Simonetta).<\/p>\n\n\n\n<p>Fernanda se cas\u00f3 con <strong>Alonso Linares<\/strong>.<\/p>\n\n\n\n<p>Ellos tuvieron los hijos siguientes:<\/p>\n\n\n\n<p>&nbsp;&nbsp;&nbsp;&nbsp;&nbsp;&nbsp;&nbsp;&nbsp;&nbsp;&nbsp;&nbsp; 144\nF&nbsp;&nbsp;&nbsp;&nbsp;&nbsp;&nbsp;&nbsp;&nbsp;&nbsp; i.&nbsp;&nbsp;<strong>\nJosefa Linares y de la Moneda<\/strong>.<\/p>\n\n\n\n<p>Murio ni\u00f1a<\/p>\n\n\n\n<hr class=\"wp-block-separator\"\/>\n\n\n\n<p>&nbsp;&nbsp; 129. <strong>Isabel Maria de Lamoneda Garcia-Riofrio<\/strong>\n(Juan Nicolas de Lamoneda Ayala, Joaquin Eugenio de Lamoneda Morillo, Juan\nNicolas de la Moneda Guevara, Fernando Antonio de Lamoneda y Rios, Juan\nFrancisco de Lamoneda Marin, Hernando de Lamoneda Pe\u00f1afiel, Juan de Lamoneda y\nVillaperez, Diego Buitrago de la Moneda y Aguirre, Gregorio de la Moneda\nMartinez, Juan de Lamoneda, Francisco de Lamoneda, Cicco Simonetta) naci\u00f3 el 6\nFebrero 1805 en Begijar. Ella muri\u00f3 el 6 Septiembre 1881.<\/p>\n\n\n\n<p>Isabel se cas\u00f3 con <strong>Diego Jose de Biedma y Marin<\/strong> el 12 Julio\n1838. Diego naci\u00f3 el 15 Septiembre 1775 en Begijar. \u00c9l muri\u00f3 el 27 Junio 1849\nen Begijar.<\/p>\n\n\n\n<p>Ellos tuvieron los hijos siguientes:<\/p>\n\n\n\n<p>&nbsp;&nbsp;&nbsp;&nbsp;&nbsp;&nbsp;&nbsp;&nbsp;&nbsp;&nbsp;&nbsp; 145\nM&nbsp;&nbsp;&nbsp;&nbsp;&nbsp;&nbsp;&nbsp; i&nbsp;&nbsp;&nbsp;&nbsp; <strong>Pedro\nAntonio de Biedma y Lamoneda<\/strong> naci\u00f3 el 28 Agosto 1839.<\/p>\n\n\n\n<p>&nbsp;&nbsp;&nbsp;&nbsp;&nbsp;&nbsp;&nbsp;&nbsp;&nbsp;&nbsp;&nbsp; 146\nF&nbsp;&nbsp;&nbsp;&nbsp;&nbsp;&nbsp;&nbsp;&nbsp; ii.&nbsp;&nbsp; <strong>Manuela\nde Biedma y Lamoneda<\/strong> naci\u00f3 el 22 Febrero 1848 en Begijar.<\/p>\n\n\n\n<p>+\u00a0\u00a0\u00a0\u00a0\u00a0\u00a0\u00a0\u00a0\u00a0147 F\u00a0\u00a0\u00a0\u00a0\u00a0\u00a0\u00a0\u00a0 iii.\u00a0\u00a0 <a href=\"http:\/\/www.andalucia.cc\/viva\/mujer\/aavjaen.html#Biedma\"><strong>Patrocinio de Biedma y Lamoneda<\/strong><\/a> naci\u00f3 el 13 Marzo 1845 y muri\u00f3 el 14 Septiembre 1927.<\/p>\n\n\n\n<div class=\"wp-block-button alignleft\"><a class=\"wp-block-button__link has-text-color has-very-dark-gray-color has-background has-very-light-gray-background-color\" href=\"https:\/\/familia.garcialamoneda.es\/index.php\/generacion-12\/\">&lt; Prev<br><\/a><\/div>\n\n\n\n<div class=\"wp-block-button alignright\"><a class=\"wp-block-button__link has-text-color has-very-dark-gray-color has-background has-very-light-gray-background-color\" href=\"https:\/\/familia.garcialamoneda.es\/index.php\/generacion-14\/\">Pr\u00f3ximo ><br><\/a><\/div>\n","protected":false},"excerpt":{"rendered":"<p>&nbsp;&nbsp;&nbsp; 116. Diego de la Moneda Ayala (Sebastian Fernando de la Moneda Colon, Diego Jose de la Moneda Marin, Juan Nicolas de la Moneda Guevara, Fernando Antonio de Lamoneda y Rios, Juan Francisco de Lamoneda Marin, Hernando de Lamoneda Pe\u00f1afiel, Juan de Lamoneda y Villaperez, Diego Buitrago de la Moneda y Aguirre, Gregorio de la &hellip; <\/p>\n<p class=\"link-more\"><a href=\"https:\/\/familia.garcialamoneda.es\/index.php\/generacion-13\/\" class=\"more-link\">Continuar leyendo<span class=\"screen-reader-text\"> \u00abGeneraci\u00f3n 13\u00bb<\/span><\/a><\/p>\n","protected":false},"author":1,"featured_media":0,"parent":0,"menu_order":0,"comment_status":"closed","ping_status":"closed","template":"","meta":{"footnotes":""},"class_list":["post-74","page","type-page","status-publish","hentry"],"_links":{"self":[{"href":"https:\/\/familia.garcialamoneda.es\/index.php\/wp-json\/wp\/v2\/pages\/74","targetHints":{"allow":["GET"]}}],"collection":[{"href":"https:\/\/familia.garcialamoneda.es\/index.php\/wp-json\/wp\/v2\/pages"}],"about":[{"href":"https:\/\/familia.garcialamoneda.es\/index.php\/wp-json\/wp\/v2\/types\/page"}],"author":[{"embeddable":true,"href":"https:\/\/familia.garcialamoneda.es\/index.php\/wp-json\/wp\/v2\/users\/1"}],"replies":[{"embeddable":true,"href":"https:\/\/familia.garcialamoneda.es\/index.php\/wp-json\/wp\/v2\/comments?post=74"}],"version-history":[{"count":2,"href":"https:\/\/familia.garcialamoneda.es\/index.php\/wp-json\/wp\/v2\/pages\/74\/revisions"}],"predecessor-version":[{"id":131,"href":"https:\/\/familia.garcialamoneda.es\/index.php\/wp-json\/wp\/v2\/pages\/74\/revisions\/131"}],"wp:attachment":[{"href":"https:\/\/familia.garcialamoneda.es\/index.php\/wp-json\/wp\/v2\/media?parent=74"}],"curies":[{"name":"wp","href":"https:\/\/api.w.org\/{rel}","templated":true}]}}