{"id":34,"date":"2019-03-27T17:33:50","date_gmt":"2019-03-27T17:33:50","guid":{"rendered":"https:\/\/familia.garcialamoneda.es\/?page_id=34"},"modified":"2019-03-28T10:11:45","modified_gmt":"2019-03-28T10:11:45","slug":"generacion-2","status":"publish","type":"page","link":"https:\/\/familia.garcialamoneda.es\/index.php\/generacion-2\/","title":{"rendered":"Generaci\u00f3n 2"},"content":{"rendered":"\n<p>2. <strong>Francisco de Lamoneda<\/strong> hijo de (Cicco Simonetta).<\/p>\n\n\n\n<p>Francesco Simonetta, o Francisco De Lamoneda vino a Castilla\nprocedente&nbsp; de&nbsp; Milan, de los Simonetta<\/p>\n\n\n\n<p>italianos, Tom\u00f3 el apellido Lamoneda adaptandolo de su lengua materna al\ncastellano sobre el ultimo cuarto<\/p>\n\n\n\n<p>del Siglo XV, avecind\u00e1ndose en Burgos. Se tiene noticias de el ya que lo\nreclam\u00f3 Sancho de Espinosa como<\/p>\n\n\n\n<p>testigo en una prueba de limpieza de sangre que se hizo el dia 2 de\ndiciembre de 1549 ante <a href=\"http:\/\/es.wikipedia.org\/wiki\/Diego_de_Salazar\"><strong>Diego de Salazar<\/strong><\/a>,<\/p>\n\n\n\n<p>escribano. Tuvo un hermano capitan concocido como El Capitan Le-Monet que\nradic\u00f3 en Pamplona, habiendo<\/p>\n\n\n\n<p>pasado primeramente por Francia en donde igualmente transcribi\u00f3 al franc\u00e9s\nsu apellido originario.Usaban el<\/p>\n\n\n\n<p>mismo escudo que los Si-Monetta, concretamente igual que el del Excmo. Sr.\nCardenal de Si-Monetta que<\/p>\n\n\n\n<p>asistio al Concilio de Trento con las mismas armas.&nbsp;&nbsp;&nbsp;&nbsp;&nbsp;&nbsp;&nbsp;&nbsp;&nbsp;&nbsp;\n<\/p>\n\n\n\n<p>Francisco y su c\u00f3nyuge tuvieron los hijos siguientes:<\/p>\n\n\n\n<p>+\u00a0\u00a0\u00a0\u00a0\u00a0\u00a0\u00a0\u00a0\u00a0\u00a0 4 M\u00a0\u00a0\u00a0\u00a0\u00a0\u00a0\u00a0 i.\u00a0\u00a0 <strong>Juan de Lamoneda<\/strong>.<\/p>\n\n\n\n<div class=\"wp-block-button alignleft\"><a class=\"wp-block-button__link has-text-color has-very-dark-gray-color has-background has-very-light-gray-background-color\" href=\"https:\/\/familia.garcialamoneda.es\/index.php\/generacion-1\/\">&lt; Prev<br><\/a><\/div>\n\n\n\n<div class=\"wp-block-button alignright\"><a class=\"wp-block-button__link has-text-color has-very-dark-gray-color has-background has-very-light-gray-background-color\" href=\"https:\/\/familia.garcialamoneda.es\/index.php\/generacion-3\/\">Pr\u00f3ximo ><br><\/a><\/div>\n","protected":false},"excerpt":{"rendered":"<p>2. Francisco de Lamoneda hijo de (Cicco Simonetta). Francesco Simonetta, o Francisco De Lamoneda vino a Castilla procedente&nbsp; de&nbsp; Milan, de los Simonetta italianos, Tom\u00f3 el apellido Lamoneda adaptandolo de su lengua materna al castellano sobre el ultimo cuarto del Siglo XV, avecind\u00e1ndose en Burgos. Se tiene noticias de el ya que lo reclam\u00f3 Sancho &hellip; <\/p>\n<p class=\"link-more\"><a href=\"https:\/\/familia.garcialamoneda.es\/index.php\/generacion-2\/\" class=\"more-link\">Continuar leyendo<span class=\"screen-reader-text\"> \u00abGeneraci\u00f3n 2\u00bb<\/span><\/a><\/p>\n","protected":false},"author":1,"featured_media":0,"parent":0,"menu_order":0,"comment_status":"closed","ping_status":"closed","template":"","meta":{"footnotes":""},"class_list":["post-34","page","type-page","status-publish","hentry"],"_links":{"self":[{"href":"https:\/\/familia.garcialamoneda.es\/index.php\/wp-json\/wp\/v2\/pages\/34","targetHints":{"allow":["GET"]}}],"collection":[{"href":"https:\/\/familia.garcialamoneda.es\/index.php\/wp-json\/wp\/v2\/pages"}],"about":[{"href":"https:\/\/familia.garcialamoneda.es\/index.php\/wp-json\/wp\/v2\/types\/page"}],"author":[{"embeddable":true,"href":"https:\/\/familia.garcialamoneda.es\/index.php\/wp-json\/wp\/v2\/users\/1"}],"replies":[{"embeddable":true,"href":"https:\/\/familia.garcialamoneda.es\/index.php\/wp-json\/wp\/v2\/comments?post=34"}],"version-history":[{"count":3,"href":"https:\/\/familia.garcialamoneda.es\/index.php\/wp-json\/wp\/v2\/pages\/34\/revisions"}],"predecessor-version":[{"id":120,"href":"https:\/\/familia.garcialamoneda.es\/index.php\/wp-json\/wp\/v2\/pages\/34\/revisions\/120"}],"wp:attachment":[{"href":"https:\/\/familia.garcialamoneda.es\/index.php\/wp-json\/wp\/v2\/media?parent=34"}],"curies":[{"name":"wp","href":"https:\/\/api.w.org\/{rel}","templated":true}]}}

Generación 2

<p>2. <strong>Francisco de Lamoneda</strong> hijo de (Cicco Simonetta).</p>



<p>Francesco Simonetta, o Francisco De Lamoneda vino a Castilla
procedente&nbsp; de&nbsp; Milan, de los Simonetta</p>



<p>italianos, Tomó el apellido Lamoneda adaptandolo de su lengua materna al
castellano sobre el ultimo cuarto</p>



<p>del Siglo XV, avecindándose en Burgos. Se tiene noticias de el ya que lo
reclamó Sancho de Espinosa como</p>



<p>testigo en una prueba de limpieza de sangre que se hizo el dia 2 de
diciembre de 1549 ante <a href="http://es.wikipedia.org/wiki/Diego_de_Salazar"><strong>Diego de Salazar</strong></a>,</p>



<p>escribano. Tuvo un hermano capitan concocido como El Capitan Le-Monet que
radicó en Pamplona, habiendo</p>



<p>pasado primeramente por Francia en donde igualmente transcribió al francés
su apellido originario.Usaban el</p>



<p>mismo escudo que los Si-Monetta, concretamente igual que el del Excmo. Sr.
Cardenal de Si-Monetta que</p>



<p>asistio al Concilio de Trento con las mismas armas.&nbsp;&nbsp;&nbsp;&nbsp;&nbsp;&nbsp;&nbsp;&nbsp;&nbsp;&nbsp;
</p>



<p>Francisco y su cónyuge tuvieron los hijos siguientes:</p>



<p>+           4 M        i.   <strong>Juan de Lamoneda</strong>.</p>



<div class="wp-block-button alignleft"><a class="wp-block-button__link has-text-color has-very-dark-gray-color has-background has-very-light-gray-background-color" href="https://familia.garcialamoneda.es/index.php/generacion-1/">&lt; Prev<br></a></div>



<div class="wp-block-button alignright"><a class="wp-block-button__link has-text-color has-very-dark-gray-color has-background has-very-light-gray-background-color" href="https://familia.garcialamoneda.es/index.php/generacion-3/">Próximo ><br></a></div>

<p>2. Francisco de Lamoneda hijo de (Cicco Simonetta). Francesco Simonetta, o Francisco De Lamoneda vino a Castilla procedente&nbsp; de&nbsp; Milan, de los Simonetta italianos, Tomó el apellido Lamoneda adaptandolo de su lengua materna al castellano sobre el ultimo cuarto del Siglo XV, avecindándose en Burgos. Se tiene noticias de el ya que lo reclamó Sancho &hellip; </p>
<p class="link-more"><a href="https://familia.garcialamoneda.es/index.php/generacion-2/" class="more-link">Continuar leyendo<span class="screen-reader-text"> «Generación 2»</span></a></p>
